 + -1301?
-1233
In base 15, what is -a - 76?
-81
In base 3, what is 12 + 0?
12
In base 3, what is -202 - 101?
-1010
In base 13, what is -2028 - -4?
-2024
In base 13, what is -40 - 3?
-43
In base 14, what is 0 - 36?
-36
In base 9, what is -610 - -1?
-608
In base 14, what is 2b1 - 0?
2b1
In base 16, what is -bf - 2?
-c1
In base 9, what is 3 + -5?
-2
In base 5, what is -3 + -240?
-243
In base 6, what is -425 + -2?
-431
In base 12, what is 150 + b8?
248
In base 15, what is d - -35?
43
In base 8, what is -1346 + 0?
-1346
In base 15, what is 18 + -30?
-17
In base 14, what is d0b + 2?
d0d
In base 5, what is 22 - 3?
14
In base 14, what is 1 + -51?
-50
In base 6, what is -3 - -22515?
22512
In base 9, what is -560 + 2?
-557
In base 7, what is 162 + 0?
162
In base 2, what is -10010 + -11?
-10101
In base 6, what is 11 + 1102?
1113
In base 8, what is -1 + 64?
63
In base 6, what is 0 + 203?
203
In base 13, what is -2ba - -5?
-2b5
In base 2, what is 11100010011 - 0?
11100010011
In base 16, what is -30 + 3d?
d
In base 5, what is -123 - 4?
-132
In base 10, what is 701 - -1?
702
In base 7, what is -1 + -120?
-121
In base 14, what is -4 - 26?
-2a
In base 12, what is 4 - 8b1?
-8a9
In base 4, what is 3 - -213031?
213100
In base 7, what is 2 - -1120?
1122
In base 9, what is 2 + 605?
607
In base 5, what is 1434 + 13?
2002
In base 13, what is -452 - 12?
-464
In base 10, what is -20 - -188?
168
In base 4, what is 1231 - 0?
1231
In base 9, what is 86 + -1?
85
In base 14, what is 5 - 5c?
-57
In base 9, what is 0 - 1706?
-1706
In base 15, what is 8 + d0?
d8
In base 12, what is -4 - -75?
71
In base 16, what is -5 - 1a?
-1f
In base 10, what is 0 - 377?
-377
In base 8, what is 1 - 25?
-24
In base 14, what is 1a + -4?
16
In base 10, what is 16 + 52?
68
In base 2, what is -1000001110 + 110?
-1000001000
In base 7, what is -6 - 6?
-15
In base 5, what is -2013 - 4?
-2022
In base 8, what is 5 + 107?
114
In base 4, what is -12 - 22210?
-22222
In base 6, what is -21110 - -3?
-21103
In base 5, what is -1442 - 1?
-1443
In base 5, what is -3100 - 3?
-3103
In base 6, what is 1 - 24?
-23
In base 14, what is 1 - -dd?
100
In base 2, what is 1011110100 - 1?
1011110011
In base 12, what is 7 - 1a0?
-195
In base 16, what is 74 - 1?
73
In base 10, what is -2 + 85?
83
In base 15, what is -2b4 + -2?
-2b6
In base 9, what is -6 + 107?
101
In base 3, what is 11201 - 22?
11102
In base 7, what is -1 + 355?
354
In base 9, what is 134 - -46?
181
In base 14, what is 113 + -5?
10c
In base 2, what is -101 + 10111010?
10110101
In base 10, what is -104 + -3?
-107
In base 16, what is 33ac + 2?
33ae
In base 15, what is -4 + -37c?
-381
In base 16, what is -40 - -4?
-3c
In base 13, what is 4 - -254?
258
In base 7, what is -6 + 24?
15
In base 11, what is -1 + -317?
-318
In base 7, what is 0 - -21045?
21045
In base 11, what is -a - 87?
-96
In base 5, what is -1 + -232?
-233
In base 14, what is -6 - -515?
50d
In base 16, what is -4 + f?
b
In base 3, what is 10 - -11?
21
In base 11, what is 3052 - 0?
3052
In base 5, what is -4 + 2130?
2121
In base 9, what is 15528 - 1?
15527
In base 3, what is 1 - 1012221?
-1012220
In base 7, what is 32 + -15?
14
In base 12, what is -4 - 5b?
-63
In base 3, what is 10 + -121001?
-120221
In base 12, what is 2095 - 4?
2091
In base 5, what is 1 + -1404?
-1403
In base 6, what is -2 + -1123?
-1125
In base 5, what is 0 + -104304?
-104304
In base 7, what is -15 - 0?
-15
In base 10, what is 3 + 200?
203
In base 14, what is -4 - b81?
-b85
In base 16, what is -394 + -1?
-395
In base 15, what is 1 + -7?
-6
In base 5, what is 233 + -11?
222
In base 8, what is 0 + -45?
-45
In base 9, what is 773 + -2?
771
In base 6, what is -11 - -15?
4
In base 5, what is -14 - 13030?
-13044
In base 5, what is 3 - -20?
23
In base 3, what is -11102001 + 12?
-11101212
In base 13, what is 33 + -2?
31
In base 6, what is 5 + 151?
200
In base 7, what is 2 + -30314?
-30312
In base 10, what is 327 + -3?
324
In base 12, what is -19 - 4?
-21
In base 8, what is -1442 + -3?
-1445
In base 3, what is 2111 - 0?
2111
In base 15, what is -1 - bbd?
-bbe
In base 4, what is 220 + -132?
22
In base 14, what is -a - -64d?
643
In base 9, what is -31 - -6?
-24
In base 8, what is -31 + 51?
20
In base 6, what is -2 - 134?
-140
In base 7, what is -43 - -103?
30
In base 4, what is 12100 - -1?
12101
In base 15, what is -e + -43?
-52
In base 2, what is -100100101101 + 0?
-100100101101
In base 8, what is 0 + 653?
653
In base 9, what is 27 - 6?
21
In base 6, what is 4145 - 12?
4133
In base 14, what is 4 + -d?
-9
In base 8, what is -4051 - -3?
-4046
In base 6, what is -4 + 13244?
13240
In base 4, what is 133012 - -1?
133013
In base 15, what is -955 + 3?
-952
In base 14, what is 1c90 - 5?
1c89
In base 11, what is 694 + -6?
689
In base 11, what is a7 + 35?
131
In base 5, what is 113 - -201?
314
In base 11, what is 6914 - -5?
6919
In base 12, what is 2 + -2?
0
In base 15, what is 3 - e?
-b
In base 2, what is -11 + 1110001100?
1110001001
In base 6, what is -41 + 2?
-35
In base 12, what is 4 + 11?
15
In base 9, what is -5 - -41?
35
In base 4, what is 10302 + 1?
10303
In base 15, what is 9 - -187?
191
In base 7, what is 5 + -245?
-240
In base 12, what is -1 + -b3?
-b4
In base 6, what is 105 - -25?
134
In base 3, what is -201 - -20?
-111
In base 13, what is -5 + -5a?
-62
In base 7, what is -10 - 14?
-24
In base 10, what is -283 - 3?
-286
In base 16, what is -19e1 + -5?
-19e6
In base 14, what is 53 - 3?
50
In base 8, what is 223 + 0?
223
In base 6, what is 15 - -2?
21
In base 11, what is -9 + 5?
-4
In base 5, what is -11 + -11?
-22
In base 7, what is -1321 + -3?
-1324
In base 4, what is -1113 + -3?
-1122
In base 12, what is 16980 - 5?
16977
In base 12, what is 0 + -43?
-43
In base 7, what is -26 - -43?
14
In base 12, what is 1 + -66?
-65
In base 7, what is 65235 + -2?
65233
In base 6, what is 120542 + 0?
120542
In base 5, what is -4 - -221?
212
In base 5, what is -224 + -41?
-320
In base 3, what is 100200 - 12?
100111
In base 14, what is 75a - -1?
75b
In base 6, what is 3 - 325?
-322
In base 16, what is 80 + a?
8a
In base 9, what is -22 + 205?
173
In base 12, what is -9866 + 5?
-9861
In base 12, what is -3b4 - 1a?
-412
In base 16, what is -2 + -44b?
-44d
In base 7, what is 435 - 4?
431
In base 5, what is 2 + 100214?
100221
In base 14, what is -3d + 2?
-3b
In base 3, what is 12 - -210202?
210221
In base 6, what is -555 + -2?
-1001
In base 9, what is -4 + -54?
-58
In base 15, what is -c27 - -4?
-c23
In base 15, what is -153a + 4?
-1536
In base 16, what is 180 + 12?
192
In base 15, what is -4 - -66?
62
In base 12, what is a - -32?
40
In base 14, what is -4 + 45?
41
In base 3, what is -22 - -12?
-10
In base 14, what is -1ab + 4?
-1a7
In base 11, what is -68 - -a?
-59
In base 8, what is -26 + 5?
-21
In base 11, what is 4 + -5?
-1
In base 8, what is 2 + -250?
-246
In base 9, what is -38 + 110?
61
In base 2, what is 1 - -10101011?
10101100
In base 2, what is 10110100 + -110?
10101110
In base 5, what is -20 + -21?
-41
In base 8, what is -1 + 13?
12
In base 3, what is -100 - 1010102?
-1010202
In base 6, what is -113 + 34?
-35
In base 8, what is -17 - -17?
0
In base 2, what is -1100010010 - 11?
-1100010101
In base 14, what is -1 - -4a?
49
In base 10, what is 56 + -55?
1
In base 5, what is -240 + 21?
-214
In base 16, what is 159 + -5?
154
In base 4, what is -132 - 212?
-1010
In base 12, what is 8 + -868?
-860
In base 11, what is 7 + 274?
280
In base 8, what is 24 - -14?
40
In base 2, what is 11101001100 + -11?
11101001001
In base 8, what is 5526 + -2?
5524
In base 13, what is -5 - -38?
33
In base 8, what is -3 - 122?
-125
In base 6, what is -4 - 141?
-145
In base 10, what is 1 - -919?
920
In base 5, what is -11 - -14?
3
In base 3, what is 11111 + 1?
11112
In base 14, what is -5 - -13d?
138
In base 5, what is 113 - 30?
33
In base 14, what is -1 - 3d?
-40
In base 11, what is -542 + 0?
-542
In base 10, what is 3618 + 4?
3622
In base 8, what is -1 - -17211?
17210
In base 11, what is 5 - 3a?
-35
In base 12, what is -4a + -2?
-50
In base 3, what is 12000110 + -20?
12000020
In base 8, what is 5 - -240?
245
In base 11, what is -20 + 1?
-1a
In base 3, what is 11111 + -11002?
102
In base 2, what is -1110 + -100?
-10010
In base 11, what is -1 - -138?
137
In base 3, what